 of 1020564253?
False
Is 204233652 a multiple of 3841?
True
Does 108 divide 93901032?
True
Is 15 a factor of 1979850?
True
Is 707060110 a multiple of 10?
True
Is 4966102 a multiple of 4?
False
Is 7432337 a multiple of 11?
True
Is 739 a factor of 42112055?
False
Is 1767 a factor of 2208750?
True
Is 14113824 a multiple of 948?
True
Is 100 a factor of 147378564?
False
Does 5201 divide 110682481?
True
Is 4602 a factor of 403016932?
False
Is 248 a factor of 1815119721?
False
Is 886 a factor of 200046396?
True
Is 2992482960 a multiple of 4962?
True
Does 2319 divide 292374407?
False
Is 157 a factor of 46474338?
False
Is 259433532 a multiple of 146?
True
Is 397094376 a multiple of 17?
False
Does 941 divide 1382898039?
False
Is 291 a factor of 660386103?
False
Is 74 a factor of 967610606?
True
Is 2155054120 a multiple of 40?
True
Is 264706930 a multiple of 140?
False
Does 3122 divide 107635962?
False
Does 6 divide 208266114?
True
Is 363 a factor of 163132563?
True
Is 576092171 a multiple of 19?
False
Is 67479503 a multiple of 13?
True
Is 549340544 a multiple of 7648?
True
Is 419 a factor of 1817309934?
False
Is 22 a factor of 284788172?
False
Does 372 divide 1419441144?
True
Is 32905922 a multiple of 7?
True
Is 22 a factor of 368154512?
True
Does 1857 divide 30586647?
True
Does 1776 divide 49783056?
True
Is 2130 a factor of 64387770?
True
Does 17 divide 906146942?
False
Is 375 a factor of 2763618629?
False
Does 324 divide 1473843276?
True
Does 30 divide 467429550?
True
Does 702 divide 12168962?
False
Does 43 divide 139418614?
False
Is 495552663 a multiple of 9?
True
Is 85 a factor of 266191440?
True
Is 1580685223 a multiple of 169?
True
Does 14 divide 62426136?
False
Is 144 a factor of 43346592?
True
Does 1902 divide 1163567520?
True
Does 445 divide 2137561326?
False
Is 21 a factor of 287150511?
False
Is 19464806 a multiple of 223?
False
Does 20 divide 351237633?
False
Is 6180708007 a multiple of 1580?
False
Is 41600 a multiple of 16?
True
Is 174677480 a multiple of 123?
False
Is 209237553 a multiple of 17?
False
Does 265 divide 26993165?
True
Is 29 a factor of 85188784?
False
Is 54534488 a multiple of 140?
False
Is 2612 a factor of 19666362?
False
Does 3830 divide 6260284370?
True
Does 36 divide 1114477894?
False
Is 17 a factor of 119602497?
True
Does 4 divide 50020208?
True
Is 2016497114 a multiple of 74?
True
Is 152 a factor of 8887751?
False
Does 7079 divide 1449072993?
False
Is 75 a factor of 104945934?
False
Is 289253394 a multiple of 12?
False
Is 4641 a factor of 1186455262?
False
Is 30 a factor of 2231008624?
False
Does 31 divide 31896489?
True
Is 1813 a factor of 183952332?
False
Is 22 a factor of 543530372?
True
Is 3 a factor of 22974933?
True
Is 220731758 a multiple of 923?
True
Is 24964753 a multiple of 11?
True
Is 665304391 a multiple of 417?
False
Is 413554648 a multiple of 8?
True
Does 3 divide 9227903?
False
Does 25 divide 2676747?
False
Is 1465 a factor of 50007793?
False
Is 27 a factor of 30370700?
False
Is 3 a factor of 10407451?
False
Is 49 a factor of 1940265959?
False
Does 1323 divide 998566816?
False
Does 792 divide 9771209?
False
Does 14 divide 2702243586?
True
Does 3944 divide 424203467?
False
Is 4751810439 a multiple of 939?
True
Is 37 a factor of 90862787?
True
Is 757 a factor of 833038662?
False
Is 692509691 a multiple of 23?
True
Is 647376168 a multiple of 334?
True
Is 12856700 a multiple of 1059?
False
Is 896666933 a multiple of 491?
False
Is 146509251 a multiple of 53?
False
Does 161 divide 884792263?
False
Does 264 divide 119784988?
False
Does 13 divide 2130419109?
True
Does 16 divide 5203040?
True
Is 61806317 a multiple of 37?
True
Is 42709821 a multiple of 93?
False
Is 37360120 a multiple of 1247?
True
Is 620305720 a multiple of 536?
False
Is 1049932838 a multiple of 520?
False
Is 4941371 a multiple of 83?
False
Is 766285855 a multiple of 16?
False
Is 798 a factor of 74080629?
False
Is 144356500 a multiple of 25?
True
Does 294 divide 8911396?
False
Is 78 a factor of 31861596?
True
Is 1066 a factor of 66145300?
True
Is 3580 a factor of 596803022?
False
Is 408 a factor of 814718064?
True
Is 80 a factor of 1623339623?
False
Is 22 a factor of 417734557?
False
Does 293 divide 940823?
True
Does 12 divide 61734659?
False
Is 10 a factor of 189889799?
False
Is 37 a factor of 125638879?
False
Is 686 a factor of 7941136?
True
Is 2692 a factor of 54561456?
True
Is 266999112 a multiple of 36?
True
Is 26731725 a multiple of 18?
False
Is 4476944 a multiple of 3?
False
Is 53321065 a multiple of 310?
False
Is 782439378 a multiple of 21?
True
Is 62721338 a multiple of 205?
False
Does 3458 divide 480053392?
True
Is 11175395 a multiple of 49?
False
Is 43816341 a multiple of 547?
True
Is 112 a factor of 20764352?
True
Does 84 divide 49363365?
False
Does 91 divide 189146225?
False
Is 671338764 a multiple of 8292?
False
Does 2888 divide 7367288?
True
Is 951 a factor of 982520895?
True
Is 12615052 a multiple of 10?
False
Is 3564063997 a multiple of 3850?
False
Is 2575 a factor of 8003100?
True
Is 147652588 a multiple of 31?
False
Does 15 divide 9061297?
False
Is 562769688 a multiple of 312?
True
Is 37 a factor of 199194532?
True
Is 14 a factor of 6581978693?
False
Is 30320682 a multiple of 42?
True
Is 699 a factor of 235142384?
False
Does 60 divide 975263213?
False
Is 261 a factor of 32582457?
True
Does 328 divide 77604848?
False
Is 7079331 a multiple of 201?
False
Does 302 divide 1274384432?
True
Does 87 divide 903821598?
True
Is 26858320 even?
True
Is 16305316 a multiple of 382?
False
Is 169 a factor of 309802857?
True
Does 473 divide 1176999483?
True
Does 318 divide 33285936?
False
Is 11457224 a multiple of 8?
True
Is 18 a factor of 150847437?
False
Is 938309356 a multiple of 34?
True
Is 255 a factor of 24063832?
False
Is 42 a factor of 51309636?
True
Is 604200362 a multiple of 1574?
True
Is 5711625 a multiple of 125?
True
Is 292752344 a multiple of 62?
True
Is 1433 a factor of 206973868?
False
Is 1705021248 a multiple of 192?
True
Does 4 divide 128288991?
False
Is 44 a factor of 33154616?
True
Does 144 divide 74000160?
True
Is 211 a factor of 685136834?
True
Does 294 divide 276932891?
False
Is 5 a factor of 3765144?
False
Does 5 divide 276120?
True
Is 288 a factor of 1376954323?
False
Does 102 divide 232491048?
True
Is 59520 a multiple of 80?
True
Is 15 a factor of 1733248843?
False
Does 18 divide 107108714?
False
Does 45 divide 50217695?
False
Does 136 divide 252209444?
False
Does 1586 divide 5478358028?
True
Is 15842705 a multiple of 923?
False
Is 7655 a factor of 744326270?
True
Is 2 a factor of 12613410?
True
Is 21301680 a multiple of 272?
True
Is 43158059 a multiple of 478?
False
Does 3749 divide 696320515?
True
Is 458 a factor of 39570642?
False
Is 1342401402 a multiple of 2614?
True
Is 137 a factor of 590392184?
True
Is 111 a factor of 16597393?
False
Is 477 a factor of 98339130?
False
Is 1447 a factor of 184799996?
False
Is 515687334 a multiple of 2182?
True
Is 12 a factor of 37269708?
True
Is 394867439 a multiple of 353?
False
Is 149369578 a multiple of 7?
False
Is 16931964 a multiple of 7?
True
Is 136 a factor of 87176544?
True
Does 10 divide 42635590?
True
Does 33 divide 5039659?
False
Does 1379 divide 8155406?
True
Is 122 a factor of 141725899?
False
Is 102715740 a multiple of 30?
True
Is 198132078 a multiple of 81?
False
Does 857 divide 73183515?
True
Is 151409003 a multiple of 3024?
False
Is 629236342 a multiple of 6713?
True
Is 19416769 a multiple of 89?
False
Is 822 a factor of 13793160?
True
Is 41303465 a multiple of 180?
False
Does 10 divide 78788580?
True
Is 2670888990 a multiple of 105?
True
Is 1025 a factor of 74227425?
True
Is 19 a factor of 441264911?
True
Does 1469 divide 73848099?
True
Is 2564876 a multiple of 4?
True
Is 959698834 a multiple of 1259?
False
Is 35221161 a multiple of 12?
False
Is 775 a factor of 966058425?
True
Is 174681333 a multiple of 1033?
True
Is 404 a factor of 35720468?
True
Is 4785323 a multiple of 3?
False
Is 209304876 a multiple of 71?
True
Is 2 a factor of 42356848?
True
Does 150 divide 53594279?
False
Is 7866445 a multiple of 117?
False
Does 26 divide 6555591?
False
Is 147 a factor of 15290663?
False
Is 5 a factor of 3731261?
False
Is 1478442441 a multiple of 281?
True
Does 484 divi